ber?
True
Let z(b) = 5*b**2 + 15*b + 15. Let a be z(-1). Suppose -2*v = 3*v - 5, 0 = -a*s + 4*v + 8181. Is s a prime number?
True
Is 653564637/5151 + 2/(-17) composite?
True
Let h(y) = 1966*y**2 - 88*y - 76. Is h(-7) prime?
False
Let z be 4 - (10/(-15)*6 + 4). Suppose 5*l - 10 = 0, -3*l + 1157 = -z*v + 5*v. Is v a prime number?
True
Let o(l) = -3*l + 194. Let f(b) = -2*b - 1. Let v(s) = f(s) + o(s). Is v(28) prime?
True
Suppose -5963 - 1597499 = -m - 3*u, -3*m + 4810362 = u. Is m a prime number?
True
Let f be (-36)/(-3 - -9) + -582. Let t = f - -1841. Is t a prime number?
False
Suppose -8*n + 6619 = -6477. Let f = 11252 - n. Suppose -1397 = 14*t - f. Is t a prime number?
True
Let t(d) = d**2 - 11*d + 11. Let n be t(10). Let j(m) = 6*m - 8. Let k be j(n). Is k/8 + 4330/8 a prime number?
True
Let d(r) = -r**3 + r**2 - r - 1. Let m(b) = -3*b**3 + 6*b**2 + 39*b - 51. Let i(k) = -4*d(k) + m(k). Is i(18) prime?
True
Let x be 23 - (-5)/1 - -5. Let c = x + -33. Suppose 0 = -c*h + 4*h - 12, 3*h - 2855 = -2*j. Is j a composite number?
False
Suppose -c + 24283 = 2*i, 331*c - 336*c + 24271 = 2*i. Is i composite?
False
Is 27912 + (36/27)/(28/(-147)) a prime number?
False
Is 6/108 - (-2218121)/18 a prime number?
True
Let r(n) = -13*n**3 + 44*n**2 - 35*n + 11. Let x(j) = -3*j**3 + 11*j**2 - 9*j + 3. Let u(v) = -2*r(v) + 9*x(v). Let a be u(10). Is a/2*3676/(-10) prime?
True
Let n(y) = -y**2 + 4*y + 29. Let x(m) = -2*m**2 + 7*m + 59. Let t(q) = -13*n(q) + 6*x(q). Let p be t(12). Is (-7 - -7 - -1) + 76/p a composite number?
True
Let i(d) = 5*d + 43. Let k be i(-6). Suppose 3 = 2*u - k. Suppose -5*v + 11471 = 3*h, 0 = h + 5*v - u*v - 3805. Is h prime?
False
Suppose 13*y = 5*t + 8*y - 205, -51 = -t - y. Let g = t + -41. Suppose 5*l + 3*d - 1877 = 4368, 0 = g*l - 5*d - 6245. Is l prime?
True
Suppose 4*u + 3100 = 3*z, -28*u + 5*z = -27*u + 758. Let f = 75 - -228. Let p = f - u. Is p prime?
False
Let n = 30 + -28. Let o be n/6 - (-10318)/33. Let k = o + -224. Is k a composite number?
False
Let z(n) = 268*n**2 - 26*n + 131. Is z(12) composite?
True
Let n(l) = 30*l + 1558. Let d be n(-52). Let j(i) = 5 + 10 - 81*i + 29*i. Is j(d) prime?
False
Let b be ((-12)/(-21))/(66/776391). Suppose 4*s = 4*w - 13420, 2*s - s - b = -2*w. Is w composite?
False
Let b(h) = 356*h - 7. Let n be 4/((-16)/(-6))*(-42)/(-9). Let i(z) = -2*z**2 + 15*z - 4. Let t be i(n). Is b(t) a composite number?
False
Suppose w - d - 3 = 0, -d - 3 + 4 = -5*w. Let j be 66/18 - 2/(-6). Is w/(3 - j) + -1 + 155 a prime number?
False
Let o be 2 + (-81)/189 + 13101/(-7). Let m = 11052 + -6669. Let u = m + o. Is u prime?
False
Let z = 219073 + -107652. Is z a prime number?
False
Is (1 - 0)/(122/16319818) a prime number?
True
Let c(x) = 1635*x - 8261. Is c(145) a composite number?
True
Let q(l) = -l**3 - 13*l**2 + 8*l + 33. Let h be q(-14). Let x = h - 76. Suppose 43*t = x*t + 3070. Is t a prime number?
False
Suppose 2*y = -2*r + 8950, -5*r - 7717 = -3*y + 5668. Suppose 26*b - y = 24*b. Let d = b + -1568. Is d prime?
False
Let o(i) = i**2 - 5*i + 6. Let x be o(4). Suppose 5*f + 5220 = -j + 6*j, -x*j - 4*f = -2082. Is j prime?
False
Let x(h) = -15778*h - 247. Is x(-6) composite?
False
Suppose 12 + 0 = -4*z, -4*z + 409 = v. Suppose 2944 = 5*r - v. Is r prime?
True
Suppose 5 = 11*d - 39. Suppose 4 - 92 = -d*i. Is ((-1474)/8)/(i/(-88)) composite?
True
Let v = 133776 + -89683. Is v composite?
True
Let t(o) = -o**3 + 16*o**2 - 4*o + 2. Let n be t(-5). Suppose -11*g + 531 + n = 0. Let f = g + 17. Is f composite?
True
Suppose 0*s = 3*s - 15, 2*s = n + 144. Let q = n - -124. Is 110/2 - (6 + q) composite?
False
Let r = 178 + -153. Suppose -r*h + 341194 = -20931. Is h a composite number?
True
Let w = -1489 + 662. Let d = -246 - w. Is d a prime number?
False
Suppose 4*x = -4*b + 11 + 57, -b - 2*x = -19. Is -2*1/(10/b) - -20372 composite?
False
Let m(i) = 5*i**2 - i + 7. Suppose -12 = -3*j + 9. Suppose 0 = -2*q + j*q - 25. Is m(q) prime?
True
Suppose 102*j + 33*j - 28*j - 26105753 = 0. Is j composite?
True
Let j(u) = 10*u - 7. Let c be j(1). Suppose 3*a = -3, c*a = o + 3*o - 15. Suppose -4*l - o*i + 7610 = 0, -2684 = -2*l - 3*i + 1124. Is l a composite number?
False
Let y(u) = -22*u**3 - 65*u**2 + 141*u + 63. Is y(-31) a composite number?
True
Let u = 1865750 - 1286384. Suppose -15*r + u = 3*r. Is r prime?
False
Let k = -23 + 14. Let i(c) be the first derivative of 16*c**3/3 + 3*c**2 - 23*c + 2441. Is i(k) prime?
False
Suppose -33*i + 1051887 = 3*z - 27*i, -24 = 4*i. Is z prime?
False
Is (463794/459)/(1/9) prime?
False
Let t(h) = 1573*h - 257. Is t(18) a prime number?
True
Let n(d) = -33*d**2 - 646*d + 29. Is n(-14) a prime number?
False
Let t be 24 + ((-4)/(-1) - 0). Suppose t = -3*s - 2. Is s/(-15)*669/2 prime?
True
Let w(o) be the second derivative of o**4/2 + 11*o**3/6 + 11*o**2/2 + 55*o. Is w(18) composite?
False
Let q be 0/1 + (1556 - 13). Suppose 0*f - f + q = g, -4*g + 3*f = -6137. Is g a composite number?
True
Suppose -41*p + 209051 = -38*p + h, 5*h - 25 = 0. Is p a composite number?
True
Let k = 970727 + -656916. Is k a prime number?
False
Is (385570/(-6))/((-5)/(-24)*-4) a composite number?
True
Let g(h) = -h**3 - 7*h**2 - 9*h - 15. Let a be g(-6). Suppose 3*m - 58 = w + 494, 2700 = -5*w + a*m. Let z = -346 - w. Is z a composite number?
False
Suppose -4*p + 59636 = 4*t, 0 = 30*t - 25*t + 3*p - 74545. Is t a prime number?
False
Let s be ((-1 - -1)/(-2))/(-25 - -23). Suppose s*m = 17*m - 20893. Is m a composite number?
False
Let n(w) = w**3 - 3. Let f be n(2). Suppose 3*d - 4*g - 20 = 0, -f = -3*d - 0*d + g. Suppose -u = -d*u - 93. Is u prime?
False
Let c(j) = 8*j**2 + j**3 - 1 - 170*j + 6*j**2 + 155*j. Let h be c(-15). Is ((-24)/40)/(h*1/1145) a prime number?
False
Let n(f) = -721*f**2 + 3*f + 9. Let r be n(3). Let a = r - -11618. Is a composite?
False
Let c be 5*(-2 - (-15)/5). Suppose -5*w + 154745 = -2*n, -c*n - 16262 - 14710 = -w. Is w prime?
False
Suppose 2*t = 9*j - 5*j - 152, 88 = 3*j + 5*t. Suppose -5*s + 7*p - 3*p = -115, -s + 5*p = -2. Is 8020/j - (-6)/s prime?
True
Suppose 0 = 2*n + f - 604, 5*f = -3*n - 48 + 940. Let a be 3/15 + (n/20)/4. Is -191*(-1*a + 1 + 1) a composite number?
True
Suppose -30*p = 28*p - 34027034. Is p composite?
True
Let r(z) = -z**2 + 3*z - 1. Let h be r(3). Let i be 10/(h + 143/144). Let p = i + 2777. Is p a prime number?
False
Suppose 35*q = 36*q - 2. Let k be (3 - (-13)/(-4)) + q/8. Suppose k = 6*h - 0*h - 12306. Is h prime?
False
Suppose -38 = -g - 6. Let n = g - 28. Suppose 3233 = 5*i + n*f, -3*f = -i - 128 + 786. Is i a composite number?
True
Is ((-1 - -2) + 9)/((-2)/(-15013)) a prime number?
False
Let c(f) = 19*f**2 - 15*f + 147. Is c(25) prime?
False
Suppose s = -3*g + 36041, -15*s + 10*s = 5*g - 180185. Is s prime?
False
Suppose -20 + 5 = -3*d, -a - 2*d + 11 = 0. Let s(i) = -99*i - 3 + 7*i + 3 + 836*i - 1. Is s(a) a composite number?
False
Let r = -562 - -842. Is (-16)/r*-7*995 a composite number?
True
Suppose 0 = 5*q + 4*c - 6*c + 105, 48 = -q - 5*c. Let u(y) = -10*y + 228. Is u(q) composite?
True
Let a be (-76)/(-28) - 6/(-21). Suppose a*n - 2*n - 4 = 0. Suppose n*d - 11*d + 3059 = 0. Is d composite?
True
Let s(n) = 52*n**3 + 7*n**2 - 10*n + 2. Let u be s(2). Let z = u - -443. Is z a prime number?
False
Let j = 38 + -36. Suppose 4*c + 3*o - 1947 = 4*o, 2433 = 5*c - j*o. Let r = c - 114. Is r a composite number?
False
Let f = 20901 - 6904. Is f composite?
False
Suppose -179*p + 180*p - 273983 = 0. Is p prime?
False
Let d be 1252/10 + (-8)/40. Let w = 579 + d. Suppose -b + 366 = -0*b - 2*u, -2*b = 3*u - w. Is b a prime number?
False
Let y = 4338 + 3783. Let a = -4120 + y. Is a composite?
False
Suppose 0 = -38*w - 71*w + 19*w + 15196590. Is w composite?
False
Let l(r) be the third derivative of r**5/3 - r**4/2 - 5*r**3/3 - 26*r**2 - r. Is l(8) a composite number?
True
Let m = 1530423 - 991688. Is m a prime number?
False
Let v be 1/(-5) - (-176)/55. Let b(c) = -10*c**3 + 4*c**2 + 13*c**v + 26*c**3 + 3 - 8*c + 3*c. Is b(4) composite?
True
Let t(q) = 8*q - 142. Let z be t(18). Suppose 9*a - 749 = -z*l + 8*a, -4*a = -2*l + 774. Is l a composite number?
True
Suppose 32*w + 1811471 = 141*w. Is w composite?
False
Let i(n) = -n**3 - 42*n**2 - 4*n - 168. Let m be i(-42). Suppos